s the highest common divisor of 217950 and 350?
50
What is the highest common divisor of 46400 and 200?
200
What is the highest common divisor of 206088 and 48?
24
Calculate the greatest common factor of 396 and 12804.
132
What is the greatest common factor of 29214 and 67084?
1082
What is the highest common divisor of 35 and 6655?
5
What is the highest common divisor of 2706 and 142516?
902
Calculate the greatest common divisor of 42560 and 245.
35
Calculate the greatest common factor of 10 and 33370.
10
What is the greatest common factor of 8316 and 17094?
462
What is the highest common factor of 48312 and 2068?
44
Calculate the highest common factor of 28727 and 46.
23
What is the greatest common divisor of 67425 and 450?
75
Calculate the greatest common divisor of 1380 and 3748080.
1380
Calculate the greatest common divisor of 928 and 6380.
116
What is the highest common factor of 69105 and 25?
5
What is the greatest common divisor of 116 and 60233?
29
Calculate the greatest common factor of 269907 and 33.
33
Calculate the greatest common factor of 92640 and 800.
160
What is the greatest common divisor of 253188 and 65?
13
What is the greatest common divisor of 21 and 987?
21
Calculate the highest common divisor of 186293 and 33239.
773
Calculate the highest common factor of 175 and 667065.
35
Calculate the highest common factor of 79546 and 248.
62
What is the highest common divisor of 57 and 43187?
19
Calculate the greatest common divisor of 6513 and 52.
13
Calculate the greatest common factor of 10 and 66590.
10
What is the highest common factor of 1251 and 909?
9
What is the greatest common factor of 318 and 66?
6
Calculate the highest common factor of 252615 and 44.
11
Calculate the highest common factor of 19669 and 712.
89
What is the highest common divisor of 32148 and 67716?
684
Calculate the highest common divisor of 192 and 25464.
24
Calculate the highest common factor of 1025 and 34604.
41
What is the greatest common factor of 171688 and 264?
88
What is the greatest common factor of 139 and 30528431?
139
What is the highest common divisor of 85 and 666485?
85
What is the greatest common factor of 264 and 104?
8
Calculate the greatest common factor of 13096 and 172.
4
Calculate the highest common factor of 670600 and 26600.
1400
What is the greatest common divisor of 192792 and 120?
24
What is the greatest common factor of 117666 and 18?
18
What is the greatest common divisor of 2401 and 265041?
49
What is the highest common divisor of 539 and 56?
7
Calculate the highest common divisor of 82710 and 765.
45
What is the greatest common factor of 53456 and 80?
16
What is the greatest common divisor of 340 and 18580?
20
Calculate the highest common divisor of 49068 and 504.
36
What is the greatest common divisor of 129021 and 348?
87
Calculate the greatest common divisor of 1211 and 518.
7
What is the greatest common factor of 2321949 and 21?
21
Calculate the greatest common factor of 21 and 27727.
7
What is the highest common factor of 261 and 611175?
87
Calculate the highest common factor of 386232 and 567.
21
Calculate the greatest common divisor of 1536 and 16656.
48
What is the highest common factor of 41249 and 26?
13
What is the greatest common factor of 41238 and 216?
18
What is the greatest common factor of 1358 and 14182?
14
What is the greatest common factor of 705557 and 109?
109
What is the greatest common divisor of 18330 and 117?
39
What is the highest common factor of 2080 and 6565?
65
Calculate the highest common factor of 837536 and 448.
224
Calculate the highest common factor of 34270 and 359090.
1490
What is the highest common divisor of 22486884 and 2004?
2004
Calculate the greatest common divisor of 322 and 54257.
161
Calculate the highest common factor of 1810287 and 4473.
639
What is the greatest common factor of 1001 and 3757?
13
What is the greatest common divisor of 3556 and 224?
28
Calculate the greatest common divisor of 4809 and 1832.
229
Calculate the greatest common divisor of 264 and 19976.
88
What is the highest common factor of 5675 and 50?
25
What is the greatest common factor of 48400 and 1331?
121
Calculate the greatest common divisor of 4250 and 10999.
17
Calculate the highest common factor of 602476 and 28.
28
Calculate the highest common divisor of 87567 and 612.
51
Calculate the greatest common factor of 443508 and 1404.
156
Calculate the greatest common factor of 1832 and 14198.
458
What is the highest common factor of 55 and 66352?
11
What is the greatest common factor of 507 and 229671?
507
Calculate the highest common factor of 6555 and 1710.
285
Calculate the highest common factor of 2838 and 10707.
129
What is the highest common divisor of 1700 and 2295?
85
What is the greatest common factor of 1422769 and 71?
71
What is the greatest common factor of 1717 and 184224?
101
What is the greatest common factor of 43 and 864601?
43
What is the highest common factor of 790446 and 6?
6
Calculate the highest common factor of 427 and 1432158.
427
What is the highest common divisor of 7936 and 9088?
128
Calculate the greatest common factor of 4 and 31294.
2
What is the highest common factor of 50354 and 34?
34
What is the greatest common factor of 99297 and 34?
17
Calculate the highest common factor of 33 and 20746.
11
What is the highest common divisor of 1003501 and 31?
31
Calculate the greatest common divisor of 45 and 1139055.
15
Calculate the greatest common factor of 276395 and 424.
53
What is the highest common factor of 60465 and 13900?
695
What is the highest common factor of 8092 and 28?
28
What is the highest common divisor of 26864 and 32752?
368
Calculate the greatest common factor of 1960 and 6375880.
1960
Calculate the greatest common divisor of 6912 and 360.
72
What is the greatest common factor of 516 and 48?
12
Calculate the highest common factor of 392 and 968.
8
What is the highest common divisor of 680 and 38216?
136
What is the greatest common divisor of 356543 and 11?
11
What is the greatest common divisor of 26 and 73886?
2
What is the highest common divisor of 188 and 147439?
47
Calculate the highest common divisor of 859224 and 24.
24
What is the highest common divisor of 8148 and 60?
12
Calculate the highest common factor of 25 and 6895.
5
Calculate the greatest common factor of 60 and 65244.
12
What is the greatest common factor of 1810 and 641645?
905
Calculate the greatest common divisor of 3226200 and 15.
15
Calculate the highest common divisor of 50700 and 264.
12
Calculate the greatest common divisor of 2721 and 438.
3
What is the highest common divisor of 99045 and 90?
45
Calculate the highest common divisor of 3871920 and 195.
195
Calculate the highest common divisor of 36 and 9468.
36
Calculate the greatest common factor of 2370 and 273814.
158
Calculate the highest common factor of 246 and 167280.
246
Calculate the greatest common divisor of 237 and 21251.
79
What is the greatest common divisor of 3375 and 16000?
125
Calculate the highest common divisor of 6724662 and 42.
42
Calculate the greatest common factor of 13 and 254839.
13
What is the highest common divisor of 485963 and 342?
19
What is the highest common divisor of 399564 and 9?
9
Calculate the greatest common factor of 267 and 294501.
267
What is the highest common factor of 11494 and 290?
2
What is the greatest common divisor of 11175 and 45?
15
Calculate the greatest common factor of 15458 and 1572.
262
What is the highest common factor of 80 and 835160?
40
What is the greatest common factor of 129506 and 234?
26
What is the greatest common factor of 8626 and 2090?
38
What is the highest common divisor of 182522 and 1052?
526
What is the greatest common factor of 1422 and 16906?
158
What is the greatest common factor of 2320 and 2349?
29
What is the greatest common factor of 9030 and 2064?
258
What is the highest common divisor of 3982 and 15204?
362
Calculate the greatest common factor of 2379 and 1833.
39
Calculate the greatest common factor of 256212 and 297.
99
What is the highest common factor of 1709708 and 196?
196
What is the greatest common divisor of 5520 and 339940?
460
Calculate the highest common divisor of 40 and 882608.
8
What is the highest common divisor of 1080 and 77080?
40